git of 329594964?
9
What is the hundred millions digit of 921922680?
9
What is the ten thousands digit of 3556783547?
8
What is the tens digit of 1501506084?
8
What is the units digit of 3159407310?
0
What is the hundreds digit of 358294304?
3
What is the hundreds digit of 333030435?
4
What is the thousands digit of 417772588?
2
What is the units digit of 3028982011?
1
What is the hundred thousands digit of 37555915?
5
What is the millions digit of 2147593476?
7
What is the hundred thousands digit of 6789930530?
9
What is the ten millions digit of 2140597663?
4
What is the hundreds digit of 45315559?
5
What is the hundred thousands digit of 495286087?
2
What is the ten millions digit of 57156406?
5
What is the millions digit of 31802680?
1
What is the ten thousands digit of 365416645?
1
What is the hundreds digit of 2509329144?
1
What is the millions digit of 64707403?
4
What is the ten thousands digit of 194189790?
8
What is the hundreds digit of 97260893?
8
What is the units digit of 785594016?
6
What is the units digit of 29086009?
9
What is the ten millions digit of 380040124?
8
What is the units digit of 64693292?
2
What is the hundred millions digit of 1731287377?
7
What is the ten millions digit of 298767791?
9
What is the hundreds digit of 303428042?
0
What is the tens digit of 201744723?
2
What is the ten millions digit of 268594858?
6
What is the tens digit of 218119904?
0
What is the tens digit of 775518039?
3
What is the ten thousands digit of 7174979745?
7
What is the hundreds digit of 31927980?
9
What is the ten thousands digit of 3473185606?
8
What is the ten millions digit of 72158851?
7
What is the tens digit of 694581014?
1
What is the hundred thousands digit of 46232590?
2
What is the thousands digit of 2630098896?
8
What is the millions digit of 400976201?
0
What is the millions digit of 399529750?
9
What is the ten millions digit of 2280434999?
8
What is the hundred thousands digit of 63199180?
1
What is the tens digit of 6522770938?
3
What is the thousands digit of 46658300?
8
What is the units digit of 378591768?
8
What is the hundred thousands digit of 240942149?
9
What is the hundred thousands digit of 54064459?
0
What is the hundred thousands digit of 3158358625?
3
What is the ten millions digit of 13798780?
1
What is the ten millions digit of 1875234559?
7
What is the units digit of 81758654?
4
What is the hundreds digit of 5515946878?
8
What is the ten thousands digit of 47529572?
2
What is the hundred millions digit of 3793906107?
7
What is the hundred millions digit of 442444659?
4
What is the millions digit of 24338505?
4
What is the ten millions digit of 1947890498?
4
What is the ten thousands digit of 107216267?
1
What is the hundreds digit of 27037145?
1
What is the billions digit of 6033126957?
6
What is the ten millions digit of 598708848?
9
What is the tens digit of 257607177?
7
What is the thousands digit of 2369947529?
7
What is the hundred millions digit of 262639399?
2
What is the tens digit of 76642682?
8
What is the tens digit of 299949568?
6
What is the hundred thousands digit of 3032220?
0
What is the hundred thousands digit of 191506420?
5
What is the thousands digit of 778785623?
5
What is the ten thousands digit of 4142361792?
6
What is the hundreds digit of 138247627?
6
What is the tens digit of 783861754?
5
What is the hundred thousands digit of 97665548?
6
What is the hundreds digit of 20042962?
9
What is the units digit of 186734559?
9
What is the tens digit of 2193642338?
3
What is the millions digit of 45883356?
5
What is the billions digit of 5714111486?
5
What is the ten millions digit of 4087583639?
8
What is the units digit of 605599201?
1
What is the ten millions digit of 130669852?
3
What is the hundred thousands digit of 9076985?
0
What is the thousands digit of 327197360?
7
What is the hundred thousands digit of 524330917?
3
What is the hundreds digit of 20071286?
2
What is the ten thousands digit of 54807349?
0
What is the hundred millions digit of 3166554230?
1
What is the tens digit of 79874391?
9
What is the hundred millions digit of 303173798?
3
What is the tens digit of 152122599?
9
What is the hundred millions digit of 230658548?
2
What is the hundred thousands digit of 14582842?
5
What is the hundred thousands digit of 104854707?
8
What is the ten thousands digit of 59371596?
7
What is the thousands digit of 223000322?
0
What is the ten thousands digit of 797643453?
4
What is the ten millions digit of 232550336?
3
What is the ten thousands digit of 723436662?
3
What is the hundred thousands digit of 9959919?
9
What is the units digit of 521054883?
3
What is the hundred thousands digit of 2427982736?
9
What is the millions digit of 7346761?
7
What is the hundreds digit of 1976131692?
6
What is the ten millions digit of 518546251?
1
What is the tens digit of 169627398?
9
What is the units digit of 3556838010?
0
What is the tens digit of 14800854?
5
What is the thousands digit of 3048773551?
3
What is the thousands digit of 431600059?
0
What is the hundreds digit of 80419533?
5
What is the ten millions digit of 408568301?
0
What is the tens digit of 995589272?
7
What is the ten millions digit of 3127710566?
2
What is the millions digit of 217284494?
7
What is the millions digit of 38842456?
8
What is the millions digit of 323854244?
3
What is the thousands digit of 62405243?
5
What is the tens digit of 188888708?
0
What is the hundreds digit of 26895356?
3
What is the thousands digit of 55161930?
1
What is the hundred thousands digit of 1716250502?
2
What is the thousands digit of 399915641?
5
What is the thousands digit of 137446667?
6
What is the tens digit of 48411269?
6
What is the ten thousands digit of 482539210?
3
What is the tens digit of 18119621?
2
What is the ten thousands digit of 421800754?
0
What is the tens digit of 237311182?
8
What is the ten millions digit of 125675697?
2
What is the tens digit of 2034151798?
9
What is the millions digit of 26552848?
6
What is the ten millions digit of 44480035?
4
What is the hundred millions digit of 132797145?
1
What is the thousands digit of 169338627?
8
What is the millions digit of 1421318627?
1
What is the units digit of 1194251359?
9
What is the tens digit of 43274358?
5
What is the hundred millions digit of 945763102?
9
What is the millions digit of 1081382394?
1
What is the hundred thousands digit of 1996978219?
9
What is the hundreds digit of 151341790?
7
What is the millions digit of 29515475?
9
What is the units digit of 83990898?
8
What is the ten thousands digit of 41441727?
4
What is the tens digit of 1402970464?
6
What is the tens digit of 75714488?
8
What is the thousands digit of 453696740?
6
What is the hundreds digit of 13949375?
3
What is the hundred thousands digit of 603298542?
2
What is the units digit of 131595227?
7
What is the thousands digit of 44531825?
1
What is the tens digit of 106996503?
0
What is the ten millions digit of 25547281?
2
What is the tens digit of 105771879?
7
What is the units digit of 2601687110?
0
What is the thousands digit of 354532305?
2
What is the hundred millions digit of 684527189?
6
What is the units digit of 1431575612?
2
What is the units digit of 1331439055?
5
What is the millions digit of 586187670?
6
What is the millions digit of 33828169?
3
What is the ten millions digit of 196856630?
9
What is the hundreds digit of 172092342?
3
What is the hundred thousands digit of 1109527374?
5
What is the tens digit of 824952226?
2
What is the tens digit of 522130584?
8
What is the hundreds digit of 186017263?
2
What is the tens digit of 2536489266?
6
What is the millions digit of 9015434516?
5
What is the thousands digit of 108235820?
5
What is the thousands digit of 21363632?
3
What is the hundred thousands digit of 201895271?
8
What is the thousands digit of 96706782?
6
What is the hundred thousands digit of 97444148?
4
What is the units digit of 1284695482?
2
What is the units digit of 646893234?
4
What is the ten millions digit of 87578135?
8
What is the units digit of 88839958?
8
What is the tens digit of 277209?
0
What is the millions digit of 790035460?
0
What is the units digit of 14707455?
5
What is the hundred millions digit of 407610402?
4
What is the tens digi